 the highest common divisor of 1462 and 8738.
34
What is the highest common divisor of 660 and 2120?
20
Calculate the greatest common divisor of 1486644 and 12.
12
What is the greatest common divisor of 10074 and 37812?
138
What is the greatest common divisor of 324 and 2580?
12
Calculate the greatest common divisor of 23807 and 665.
133
What is the highest common divisor of 487617 and 78?
39
Calculate the highest common divisor of 55 and 1861739.
11
Calculate the highest common factor of 8 and 704.
8
What is the highest common divisor of 11720 and 810?
10
Calculate the highest common factor of 336 and 12816.
48
Calculate the greatest common factor of 1184 and 205888.
32
Calculate the highest common divisor of 20735 and 1430.
715
What is the highest common divisor of 24193 and 377?
13
Calculate the greatest common factor of 3396 and 36.
12
What is the highest common factor of 290232 and 774?
18
Calculate the highest common factor of 11868 and 322.
46
Calculate the greatest common factor of 47785 and 380.
95
Calculate the greatest common divisor of 122016 and 1984.
992
What is the highest common divisor of 606 and 83224?
202
Calculate the greatest common divisor of 23460 and 115.
115
Calculate the greatest common divisor of 4158 and 29997.
297
What is the greatest common divisor of 1694 and 1049202?
154
Calculate the greatest common factor of 11373 and 255.
51
Calculate the highest common divisor of 534 and 115166.
178
What is the highest common factor of 46545 and 642?
321
Calculate the greatest common factor of 7326 and 67266.
666
What is the highest common factor of 3476 and 1476036?
316
What is the greatest common factor of 16824 and 1848?
24
Calculate the greatest common factor of 1582798 and 1302.
434
Calculate the highest common factor of 1484626 and 319.
319
What is the highest common factor of 38 and 846526?
38
What is the highest common divisor of 6 and 5979?
3
Calculate the highest common factor of 35 and 61551.
7
Calculate the greatest common divisor of 337704 and 72.
24
What is the highest common divisor of 309 and 50676?
309
Calculate the highest common factor of 86 and 4601.
43
Calculate the greatest common divisor of 63035 and 7910.
35
What is the highest common divisor of 70920 and 6120?
360
Calculate the greatest common factor of 179583 and 124.
31
Calculate the highest common factor of 272 and 2068.
4
What is the highest common factor of 95396 and 56?
28
Calculate the greatest common factor of 584 and 30441.
73
What is the greatest common factor of 68286 and 114?
114
What is the highest common factor of 51 and 493680?
51
Calculate the highest common factor of 36 and 377361.
9
What is the greatest common factor of 76 and 289921?
19
What is the greatest common divisor of 4830 and 47040?
210
What is the greatest common divisor of 190 and 8930?
190
What is the highest common divisor of 3152 and 86?
2
Calculate the greatest common divisor of 5382 and 303498.
234
What is the greatest common divisor of 11662 and 50764?
686
What is the highest common factor of 224649 and 7848?
981
Calculate the greatest common factor of 8 and 23756.
4
Calculate the highest common factor of 215680 and 640.
640
What is the greatest common factor of 146 and 96506?
146
Calculate the highest common factor of 243 and 137295.
243
What is the highest common factor of 167610 and 604?
302
What is the greatest common divisor of 1350 and 337905?
135
What is the highest common divisor of 14 and 307538?
14
Calculate the highest common factor of 7430 and 1285.
5
What is the highest common divisor of 7837 and 629?
17
What is the greatest common divisor of 410 and 779615?
205
What is the greatest common divisor of 4115 and 355?
5
What is the greatest common divisor of 667909 and 22?
11
What is the greatest common factor of 3782 and 2790?
62
Calculate the highest common factor of 1792 and 1856.
64
Calculate the greatest common factor of 11 and 16632.
11
What is the highest common factor of 35 and 4470095?
35
What is the highest common factor of 526338 and 35397?
1539
Calculate the highest common factor of 34752 and 7059.
543
Calculate the greatest common divisor of 378 and 7641.
27
Calculate the greatest common divisor of 34524 and 630.
126
What is the greatest common divisor of 399453 and 423?
141
Calculate the highest common divisor of 2421 and 413722.
269
Calculate the greatest common divisor of 3132 and 4104.
108
Calculate the greatest common factor of 42226 and 86.
86
Calculate the highest common factor of 154 and 59521.
77
What is the highest common factor of 1018 and 166?
2
What is the greatest common divisor of 4056 and 50856?
312
What is the greatest common divisor of 46 and 4764358?
46
Calculate the greatest common factor of 22382 and 71839.
361
Calculate the highest common factor of 671 and 473.
11
What is the highest common factor of 51705 and 675?
135
Calculate the greatest common factor of 2259528 and 744.
744
What is the greatest common factor of 1316 and 9828?
28
What is the highest common factor of 576 and 10044?
36
What is the greatest common divisor of 1859 and 297271?
169
What is the greatest common divisor of 7710 and 54?
6
What is the highest common divisor of 8835885 and 27?
27
What is the greatest common factor of 360 and 187020?
180
What is the highest common divisor of 623081 and 83?
83
Calculate the highest common factor of 26435 and 255.
85
Calculate the highest common factor of 5586 and 133427.
49
What is the highest common divisor of 3139405 and 970?
485
What is the greatest common divisor of 93 and 2170031?
31
What is the highest common divisor of 171766 and 14?
14
What is the greatest common divisor of 155412 and 216?
108
Calculate the greatest common factor of 46190 and 596.
298
Calculate the greatest common divisor of 51095 and 8635.
55
What is the highest common factor of 6085 and 35?
5
Calculate the highest common divisor of 16360 and 520.
40
Calculate the greatest common divisor of 279325 and 125.
25
What is the highest common factor of 203 and 5299?
7
Calculate the greatest common factor of 1176 and 369558.
294
Calculate the highest common divisor of 4068 and 3204.
36
Calculate the highest common divisor of 232 and 14462068.
116
Calculate the highest common factor of 4649109 and 51.
51
What is the highest common factor of 72 and 370560?
24
What is the greatest common divisor of 960 and 1416?
24
Calculate the greatest common factor of 74 and 876789.
37
What is the highest common factor of 63 and 24528?
21
Calculate the greatest common divisor of 2590 and 16394.
14
What is the greatest common divisor of 52 and 2517?
1
What is the highest common factor of 429 and 1221?
33
What is the greatest common factor of 230 and 35857?
23
What is the highest common factor of 464 and 47560?
232
Calculate the greatest common divisor of 31230 and 4005.
45
Calculate the highest common factor of 20 and 22335.
5
Calculate the greatest common factor of 12 and 5020.
4
Calculate the greatest common divisor of 91368 and 63.
9
What is the greatest common factor of 18705 and 26445?
645
Calculate the greatest common factor of 40 and 452740.
20
Calculate the greatest common divisor of 451996 and 1173.
391
What is the greatest common divisor of 164115 and 189?
63
Calculate the highest common factor of 8 and 4630.
2
What is the highest common divisor of 10901 and 33?
11
What is the highest common factor of 116124 and 48?
12
What is the greatest common divisor of 217305 and 5445?
495
What is the highest common divisor of 5434 and 11726?
286
What is the greatest common divisor of 113 and 231424?
113
Calculate the highest common divisor of 747894 and 7.
7
Calculate the highest common factor of 19026 and 6498.
18
What is the greatest common factor of 516 and 178464?
12
Calculate the highest common factor of 196884 and 216.
108
What is the highest common divisor of 6202 and 336?
14
Calculate the highest common factor of 6305762 and 74.
74
What is the highest common factor of 220 and 2879965?
55
Calculate the greatest common factor of 429502 and 138.
46
Calculate the highest common divisor of 79223 and 698.
349
What is the greatest common divisor of 3125787 and 3066?
1533
What is the highest common divisor of 13910 and 119730?
130
What is the greatest common fac